e p(8).
12
Let m(o) = o - 2. Let r be m(4). Let x(p) = -1 + p**2 - r + 0*p + 2*p + p. Determine x(-3).
-3
Let o(z) be the second derivative of -1/12*z**4 + 0*z**3 + 0 - 3*z**2 + z. Let c = -6 + 6. Calculate o(c).
-6
Let g(r) = -r - 8. Suppose 5*x - 5*p + 10 = 0, -5*x - p = -3*p + 22. Determine g(x).
-2
Let a(g) = 36 - g**3 - 72 - g**2 + g**2 + 2*g + 30 + 4*g**2. Suppose 3*k - r = 5*k - 11, 32 = 5*k + 4*r. What is a(k)?
2
Let d(g) = 3*g + 6. Let m(u) = -2*u - 6. Let z(p) = -3*d(p) - 4*m(p). Let x = 38 - 13. Suppose 7*r = 2*r + x. Calculate z(r).
1
Let a = -3 + 2. Let s be 0/a - (0 + 0). Let w(k) = -k + 8. Give w(s).
8
Let k(s) = s**3 + s + 1. Let n(b) = -8 - 7 + 13 - 6*b - 7*b**3 + 5*b**2. Let y(i) = -6*k(i) - n(i). Determine y(5).
-4
Let f be 0/(4/2*1). Let u(k) = -10*k**3 + 4*k**2 - 4*k + 1. Let l(j) = 7*j**3 - 3*j**2 + 3*j - 1. Let g(n) = 7*l(n) + 5*u(n). Give g(f).
-2
Let q = 0 - -1. Let n(v) = -v**2 - v + 4. Let j(m) = -m + 3. Let p(u) = 5*j(u) - 4*n(u). Let x(w) be the first derivative of p(w). Give x(q).
7
Let u(j) be the second derivative of j**5/10 + j**4/4 + j**3/3 + 3*j**2/2 + 22*j. Suppose z = 2*w - 4*z - 1, -5*w + 4*z - 6 = 0. Calculate u(w).
-5
Let g(y) = 21 - y**2 + 16 + 8*y - 43. Give g(5).
9
Let m(o) = -o - 5*o**3 + o**3 + 3*o**3 + 6*o**2 - 5. What is m(6)?
-11
Suppose -25 - 5 = 6*w. Let b(i) = -i - 7. Determine b(w).
-2
Let d = 2 - 2. Let u(p) = p**2 + 6*p + 8. Let k be u(-4). Let v(x) = x - 4 - 2 - 2*x + k. Calculate v(d).
-6
Let x be 1 - (2/2 - 2). Suppose -2*r = x*r + 4. Let t(w) be the second derivative of w**5/5 + w**3/6 + w**2/2 + 454*w. Determine t(r).
-4
Let x(n) = -2*n**3 + n**2 - 1. Let m be x(-1). Suppose -5*i - b + 3 = 0, 2*i + b = -0*i. Let r(q) = -q + 4*q - q + i. What is r(m)?
5
Let f = 13/6 - -4/3. Let u(k) be the second derivative of -1/12*k**4 - 2*k + k**3 + f*k**2 + 0. Determine u(5).
12
Let v(n) = 2*n + 1. Let j(r) = 4*r + 1. Let w be j(1). Suppose -4*g + 16 = -w*p, p = -4*g - 8 + 24. What is v(g)?
9
Let u(d) be the third derivative of 0*d + 1/360*d**6 - 1/40*d**5 - 1/3*d**3 + 1/24*d**4 + 0 + 3*d**2. Let p(x) be the first derivative of u(x). Give p(5).
11
Let g(h) = 6 + 3*h - 4*h - h + 0*h. Calculate g(4).
-2
Suppose -5*k + 16 = 4*x - 4, -8 = 4*x - 2*k. Let o(f) = f**3 + f**2 + 5. Calculate o(x).
5
Let d(j) = 2*j**3 + 12*j**2 - 5*j. Let z(f) = -f**3 - 6*f**2 + 2*f. Let q(y) = -6*d(y) - 13*z(y). Determine q(-4).
16
Let n(b) = -2*b**2 + 10*b + 1. Let t(i) = -5 + 3*i**2 - 3 + 7 - 11*i. Let y(l) = 4*n(l) + 3*t(l). Give y(-5).
-9
Suppose -5*g = 2*p - 13, 2 - 1 = -4*p - g. Let v(i) = 3*i - 1. Let l(y) be the first derivative of -2*y**2 + y - 2. Let m(c) = 6*l(c) + 7*v(c). Give m(p).
2
Let d(y) = y**3 + 5*y**2 + 2. Suppose p = -7 + 2. Let q be d(p). Let h(x) = x**2 - x - 3 + 4*x + 0*x. What is h(q)?
7
Let t(p) = -2*p - 8. Let f(o) = -3*o - 16. Let s(d) = 3*f(d) - 5*t(d). Calculate s(8).
0
Let g = 39 - -41. Let q be (-6)/4*g/24. Let p(l) = -l**2 - 7*l - 5. Calculate p(q).
5
Let v(q) be the first derivative of -q**4/4 + q**2/2 - q - 12. What is v(0)?
-1
Let l = -15 - -18. Suppose v - l*v = 2. Let z(q) be the third derivative of q**6/120 - q**5/60 + q**3/6 + 2*q**2. Calculate z(v).
-1
Let o(x) = 3*x. Let n(i) = -i. Let d(l) = 5*n(l) + 2*o(l). Let w = -7 - -1. Give d(w).
-6
Let m(l) = 2*l**2 - 2*l - 1. Suppose -4*u = -u - 12. Let s = u - 1. Suppose -5*n + 5 = 3*p + 2*p, -5*n - s = p. Determine m(p).
3
Let a be (-2)/(-2) + -4*1. Let m(p) = 6*p**2 - 597 + 593 - p**2 + p**3 + 2*p. Give m(a).
8
Let r be (-1)/1 + 2 + -5. Let w(a) = a - 4. Let i(g) = 3*g - 9. Suppose -5*z - 4 = -19, 3*u = 4*z + 15. Let j(k) = r*i(k) + u*w(k). Give j(2).
-6
Let u be (-24)/7 + (-6)/(-14) + -2. Let y(g) = -g**2 - 4*g + 5. What is y(u)?
0
Let j = -30 + 29. Let k(b) = -4*b**2 + 3*b - 2. Let q(m) = -19*m**2 + 16*m - 11. Let f(h) = 11*k(h) - 2*q(h). What is f(j)?
-7
Let c(o) be the third derivative of o**6/120 - o**5/10 + o**4/12 - o**3 + 3*o**2. What is c(6)?
6
Let x = -89 + 94. Let m(y) = y**3 - 4*y**2 - 7*y - 2. Determine m(x).
-12
Let w(f) = -f - 1. Let a(l) = -8*l - 5. Let v(u) = -4*u - 2. Let s(m) = 2*a(m) - 5*v(m). Let h be -2*((-9)/6)/(-3). Let k(g) = h*s(g) + w(g). Determine k(1).
-6
Let l = 0 + 7. Let d = -4 + l. Let c(w) = 4*w**2 + w**2 - 3*w**2 - 1 - d*w - 3*w**2. Calculate c(-2).
1
Let m = -3 - -6. Let o(n) be the second derivative of n**3/3 + 3*n**2/2 + 26*n. Give o(m).
9
Let g(f) = 4*f + 2. Suppose -5*i - 3*i = -32. What is g(i)?
18
Let q be -3 + 3 + -1 - -7. Let s(t) = t. Calculate s(q).
6
Let h(u) be the third derivative of u**4/24 - 7*u**3/3 + 3*u**2. What is h(6)?
-8
Suppose 5*f - 3 = 2*u - u, 4*u + 12 = 0. Let r = f - 2. Let h(d) be the third derivative of d**5/60 + d**4/24 - d**3/3 + 3*d**2. Give h(r).
0
Let r(w) be the third derivative of w**7/5040 + w**6/720 + w**5/30 + w**2. Let j(f) be the third derivative of r(f). Calculate j(0).
1
Let s(a) = 0*a - 4 - 3*a - 2. Suppose -15 = -2*k - k. Let y(r) = -r**2 + 5*r - 4. Let d be y(k). Determine s(d).
6
Let m(t) = t - 5. Let g = 6 + -1. Calculate m(g).
0
Suppose -2*b = -6*b + 8, 2*t - 5*b - 56 = 0. Suppose r - t = -6. Suppose -r = 5*o - 2. Let y(p) = -p**2 - 7*p - 2. Determine y(o).
8
Let q(r) = r**3 + 6*r**2 + 6*r + 2. Suppose -p - 4*h - 9 - 11 = 0, 3*p = -2*h - 20. Give q(p).
10
Let k = -2 - -4. Suppose 4*l - 3*a = 2 + k, 2*a = -4*l + 24. Suppose 2*t + 10 - 1 = 5*r, -l*r - 5*t = -27. Let n(v) = -v**2 + 4*v. Give n(r).
3
Let c be (-1)/2 + 21/6. Let w(v) be the first derivative of v**2/2 - v + 41. Calculate w(c).
2
Let p(w) = w + 2. Let l be p(-4). Let i(q) = 3*q**3 - 8*q**2 + 4*q**2 - 3*q + 2*q**3 - 7*q**3. Determine i(l).
6
Let u(n) be the second derivative of -2*n**3/3 - 3*n**2 + 3*n. Determine u(-4).
10
Let m(j) = -j**2 + j - 1. Let a(c) = -10*c**2 - 4*c + 1. Let o(k) = a(k) + 2*m(k). Suppose 2*t = 5*u + 4*t + 1, -4*t + 3 = 5*u. Determine o(u).
-11
Let r be 8/2 + 4 + -3. Let g(c) = c**3 - 6*c**2 + 4*c + 6. Give g(r).
1
Let t(z) = 5*z - 5. Let c be t(9). Let a(s) = 2*s + 38 - c - s. Let k be (0 - 0) + 4 - -2. Determine a(k).
4
Let t(n) = -5*n**2 - 2*n + 6. Let j(y) = 4*y**2 + 2*y - 5. Let o(v) = 4*j(v) + 3*t(v). What is o(-2)?
-2
Let c(y) = -y**2 + 5*y + 3. Let o = -12 + 19. Let r(i) = i**3 - 8*i**2 + 7*i + 5. Let w be r(o). Calculate c(w).
3
Let t(z) = -z - 7. Let p = -7 + 4. Let s(v) = -v - 7. Let y(c) = p*s(c) + 2*t(c). What is y(-6)?
1
Let f(s) be the third derivative of -s**2 - 1/6*s**3 - 1/30*s**5 - 1/120*s**6 + 1/12*s**4 + 0*s + 0. Determine f(-3).
2
Let h(b) = -b + 2. Let i(x) = 9 - 3*x + 4 + 2*x - 3. Let l be i(7). What is h(l)?
-1
Suppose 0*h + 12 = -h + 4*p, 9 = 5*h + 3*p. Let v(s) = -s**3 - s**2 + s - 3. What is v(h)?
-3
Let s = -5 + 5. Let j(t) = -t**2 + t - 8. Calculate j(s).
-8
Let v(k) = k**2 + 3*k + 15. Let g(p) = 6*p**2 + 16*p + 75. Let m(u) = -2*g(u) + 11*v(u). What is m(0)?
15
Let d(z) = 3*z**2 + 4 - 2 - z + z**3 + 0*z**2. Suppose x = -2*x. Let y = -3 + x. Calculate d(y).
5
Let x(l) be the second derivative of l**3 + l. Let p = 15 + -14. Give x(p).
6
Let n = -6 - -7. Let z = n - 2. Let d(f) = 4*f + 3. Let w(b) = -1. Let u(o) = z*d(o) - 2*w(o). What is u(1)?
-5
Let j(c) be the second derivative of -c**5/10 + c**2/2 + c. Calculate j(-1).
3
Let b(s) = 0*s + s - s - s - 12. Give b(-9).
-3
Let w = -49 - -85. Suppose -3*s = -2*s - 18. Let f be 4/s + (-188)/w. Let i(t) = t + 11. Give i(f).
6
Let i(s) = 9*s - 3. Let r(a) = 10*a - 3. Let q(k) = -7*i(k) + 6*r(k). Determine q(3).
-6
Let i(u) be the second derivative of -2*u**4/3 + 4*u. Let k(b) = b**2 + 6*b - 1. Let j be k(-6). Give i(j).
-8
Let a = 9 + -8. Let y(z) = 12*z**3 + 2*z**2 - 1. Determine y(a).
13
Let p(k) be the third derivative of -k**6/120 + k**5/30 + k**3/3 - 3*k**2. Give p(2).
2
Let i = 7 - 10. Let f(v) = -v + 4. Let l(h) = h - 3. Let p(y) = i*l(y) - 4*f(y). Determine p(9).
2
Suppose 5 = 2*t - 5. Suppose -5*u - 4*v + t = 0, -u - 2*u + 3*v + 30 = 0. Let d(y) = 0*y - 6*y - y**3 - 3*y + 6*y**2 + 2*y + 7. Give d(u).
-3
Let o(a) = 8*a**3 - 3*a**2 - a + 3. Let c(b) = -9*b**3 + 2*b**2 + b - 2. Let d(g) = -3*c(g) - 2*o(g). What is d(1)?
10
Suppose 4*f = -20, -2*l - 11 + 2 = 3*f. Let u be (-6)/(l*-1)*2. Suppose -q = 3*q + u. Let m(n) = n**2 + n + 1. Give m(q).
1
Let j(y) = -y**2 - 2*y + 4. Let r = -86 - -82